37da (base 16) to base 12.
-5a278a
What is -21020400 (base 5) in base 4?
-222102221
What is -11062505 (base 7) in base 11?
-5a3727
What is 26ce02 (base 16) in base 5?
1122334411
1121000100002 (base 3) to base 14
180766
133323344 (base 5) to base 13
1abb36
What is 2299a8 (base 11) in base 7?
3045613
Convert -44014010 (base 6) to base 13.
-36a7a6
Convert -101a35 (base 13) to base 3.
-201001201012
What is 122302003 (base 4) in base 10?
109699
Convert -68a468 (base 13) to base 2.
-1001011101001110000010
14aa04a (base 11) to base 6
131111443
5526300 (base 8) to base 11
925514
What is 1b7dc7 (base 14) in base 7?
11230640
What is -81027 (base 16) in base 9?
-884766
What is 102010303 (base 4) in base 7?
425563
Convert -204311314 (base 5) to base 6.
-30145303
What is -1335340 (base 6) in base 15?
-173a9
Convert -320111430 (base 5) to base 4.
-11011032103
What is 100011000111000110000010 (base 2) in base 15?
c1c218
Convert 20011222121021 (base 3) to base 13.
8b1047
What is 147880 (base 9) in base 13?
3261c
Convert -263b3a (base 14) to base 11.
-81a195
Convert 312031023 (base 4) to base 6.
4431523
What is 7767344 (base 8) in base 10?
2092772
What is -65061 (base 13) in base 9?
-307220
Convert 1432122 (base 7) to base 2.
101111000100111111
77cfab (base 16) to base 10
7851947
What is 15227 (base 13) in base 14?
10793
What is -52541011 (base 6) in base 16?
-1774ff
Convert -13536080 (base 9) to base 6.
-355311030
What is -1a58ad (base 15) in base 7?
-13626535
10111100010001111011 (base 2) to base 7
6361245
What is -400b6 (base 15) in base 6?
-4202143
Convert 1011010111101000101100 (base 2) to base 11.
1756241
What is -27b39 (base 13) in base 14?
-1d18c
Convert 5220551 (base 6) to base 11.
16206a
-121001321 (base 4) to base 8
-310171
What is 501521 (base 7) in base 13?
2c6a8
Convert 75c1e0 (base 15) to base 5.
2414002220
What is -5c4e68 (base 15) in base 7?
-52402400
What is 14160132 (base 7) in base 11?
8258a1
Convert -504524523 (base 6) to base 15.
-b56340
What is -607135 (base 8) in base 10?
-200285
What is 4658467 (base 10) in base 4?
101301110203
What is -1100040400 (base 5) in base 10?
-2346350
What is 11410342 (base 5) in base 3?
12102201221
Convert -11111100101110010 (base 2) to base 3.
-20120111101
What is -10122210212101 (base 3) in base 6?
-105404014
Convert 7727bb (base 12) to base 3.
10120002202122
-28694 (base 14) to base 2
-11000011011111010
-5da79 (base 16) to base 5
-44233414
What is -260976 (base 14) in base 15?
-1ac85c
What is 11114 (base 11) in base 14?
5c28
1478321 (base 9) to base 14
1749d0
Convert -99554 (base 13) to base 3.
-112002222112
What is 614225 (base 7) in base 6?
2124512
What is 2100302210 (base 4) in base 3?
1010010112012
-1013203323 (base 4) to base 6
-10141003
What is 925a84 (base 15) in base 3?
111002100021221
47957 (base 10) to base 12
23905
111338 (base 12) to base 13
96917
Convert -b0d6e (base 16) to base 9.
-1323535
What is -21000616 (base 8) in base 16?
-44018e
Convert -7206744 (base 10) to base 11.
-4082596
Convert 930441 (base 15) to base 2.
11010101001110111001011
149773 (base 12) to base 16
55107
Convert 11aee (base 16) to base 2.
10001101011101110
Convert 240a0 (base 11) to base 3.
1202121210
Convert 186386 (base 11) to base 7.
2302430
What is 20a0a47 (base 12) in base 13?
13853bc
-2010412303 (base 5) to base 2
-1111010000000010000100
-13a4605 (base 13) to base 15
-832b05
Convert 143102042 (base 6) to base 14.
56a282
What is -3223311313 (base 5) in base 16?
-689546
What is -765725 (base 8) in base 16?
-3ebd5
What is 60acc5 (base 13) in base 2?
1000100101110010001101
What is 691d95 (base 14) in base 12?
12467bb
133493 (base 11) to base 2
110011001010010001
-47940 (base 15) to base 9
-377036
111111101010110111001 (base 2) to base 10
2086329
Convert 30046 (base 10) to base 6.
351034
Convert -10020102120101 (base 3) to base 12.
-6aba47
18120 (base 12) to base 2
1000011110101000
What is 1143211 (base 7) in base 2?
100011011100101011
Convert 1cd9f7 (base 16) to base 4.
13031213313
What is -2111123100 (base 4) in base 16?
-956d0
83a235 (base 11) to base 3
2112101020221
131033200 (base 4) to base 15
25751
Convert -54253 (base 12) to base 8.
-330537
Convert 3a948 (base 14) to base 6.
3033020
What is 148241 (base 9) in base 8?
262274
Convert 18050 (base 12) to base 4.
20130330
52520303 (base 6) to base 11
958a49
-404012442 (base 5) to base 14
-3047c9
-1644410 (base 7) to base 6
-4531142
Convert 33b098 (base 12) to base 9.
1501508
12022102221 (base 3) to base 9
168387
What is -133727 (base 9) in base 10?
-81511
What is 10100100110001101110111 (base 2) in base 3?
101011022121100
11b792 (base 12) to base 2
1000110101110011110
-41a9a0 (base 12) to base 6
-34102320
3b5edb (base 15) to base 13
78c7b2
What is -2560211 (base 9) in base 4?
-11111032201
1360c80 (base 13) to base 12
206a376
Convert 11010100010000110 (base 2) to base 5.
11434203
Convert -1550153 (base 8) to base 7.
-3536646
Convert -8152688 (base 9) to base 13.
-b91b60
Convert 3444531 (base 6) to base 16.
2b4a7
What is -9a6294 (base 12) in base 2?
-1001011000000000010000
Convert 176171 (base 10) to base 7.
1332422
Convert -19b22 (base 15) to base 8.
-243063
Convert 3030210212 (base 4) to base 3.
1120120102022
What is 422322423 (base 5) in base 11?
aa3069
Convert -2c787 (base 15) to base 11.
-98861
What is 2523500 (base 6) in base 14?
375c8
1a14a4 (base 13) to base 5
132104120
39162 (base 10) to base 5
2223122
Convert -2012002012020 (base 3) to base 11.
-724779
Convert 1110000110001111011011 (base 2) to base 9.
6852338
Convert -35251254 (base 7) to base 2.
-1011110110000011001101
What is 2450251 (base 7) in base 2?
1001100110100101001
What is -101111001111101101010 (base 2) in base 8?
-5717552
What is -b7ba9 (base 12) in base 8?
-730361
-223939 (base 14) to base 11
-724473
What is -18734 (base 11) in base 6?
-321101
-30531224 (base 7) to base 11
-14a0128
What is -a419 (base 15) in base 5?
-2102144
-111100001010111110 (base 2) to base 16
-3c2be
Convert 25d45c (base 14) to base 9.
2407104
Convert 11030f (base 16) to base 6.
35521315
What is -132210203 (base 4) in base 11?
-86096
686606 (base 9) to base 11
261306
What is -1101100110110100011000 (base 2) in base 5?
-1403114442
What is -151675 (base 10) in base 4?
-211001323
Convert 36517761 (base 8) to base 7.
125210361
What is -211130231000 (base 4) in base 15?
-cdda9b
Convert 13f7b3 (base 16) to base 9.
2414044
What is a0b4 (base 16) in base 6?
514244
What is -3297239 (base 10) in base 15?
-451e5e
What is -414642 (base 8) in base 13?
-4a853
What is 11042521 (base 6) in base 9?
555864
Convert -2104352 (base 6) to base 12.
-4b0b8
What is 37c32 (base 13) in base 2?
11001001011011011
Convert 120534210 (base 6) to base 2.
1000101101011010111110
Convert 132311130 (base 4) to base 9.
212223
What is -7066345 (base 8) in base 10?
-1862885
Convert 26ad0e (base 15) to base 11.
105a922
Convert 1001000101000011010010 (base 2) to base 12.
969382
Convert -801657 (base 9) to base 11.
-2a395a
What is 102000111022 (base 3) in base 5?
23414442
Convert 50076 (base 14) to base 5.
22122214
What is 7734401 (base 9) in base 11?
2389804
What is 1012202121222 (base 3) in base 16?
9d71e
Convert 11001110111001000 (base 2) to base 5.
11342203
-2625000 (base 8) to base 12
-2b34a8
What is 43303414 (base 5) in base 8?
1321122
What is -198466 (base 10) in base 2?
-110000011101000010
-326344 (base 8) to base 4
-122303210
Convert 101661424 (base 7) to base 12.
2013267
37270 (base 9) to base 12
12583
What is -105b87 (base 13) in base 4?
-1131303320
Convert -2312010130 (base 4) to base 5.
-142331011
2245513 (base 9) to base 12
4a4b86
What is 521744 (base 12) in base 9?
2373337
Convert 103eb2 (base 16) to base 3.
2000002101121
192028 (base 12) to base 13
124a3c
Convert -13043311 (base 5) to base 7.
-1042023
What is 4a687 (base 11) in base 3?
10200201102
15215555 (base 6) to base 3
222222212222
Convert -10203320123 (base 4) to base 9.
-2221875
Convert -123445242 (base 6) to base 13.
-668141
Convert -3401d (base 14) to base 7.
-1034036
What is -4222144 (base 5) in base 8?
-211233
Convert 1110111010100111111 (base 2) to base 11.
304244
Convert -4056706 (base 8) to base 7.
-12055030
Convert 174a468 (base 11) to base 15.
3da600
120022031133 (base 4) to base 